{"id":1100,"date":"2025-07-16T10:44:11","date_gmt":"2025-07-16T08:44:11","guid":{"rendered":"https:\/\/www.szymbud-pawilony.pl\/opis-techniczny\/"},"modified":"2026-02-09T12:19:44","modified_gmt":"2026-02-09T11:19:44","slug":"technicky-popis","status":"publish","type":"page","link":"https:\/\/www.szymbud-pawilony.pl\/sk\/technicky-popis\/","title":{"rendered":"Technick\u00fd popis"},"content":{"rendered":"\n<div class=\"wp-block-group main-wrapper px-5 text-container is-layout-constrained wp-block-group-is-layout-constrained\">\n<p>irma Szym-Bud pon\u00faka jednopodla\u017en\u00e9 budovy z kompozitn\u00fdch panelov. V\u0161etky parametre na\u0161ich objektov je mo\u017en\u00e9 \u013eubovo\u013ene upravova\u0165 a vytvori\u0165 tak objekt, ktor\u00fd bude sp\u013a\u0148a\u0165 v\u0161etky va\u0161e po\u017eiadavky. Objekty sa vyr\u00e1baj\u00fa pod\u013ea individu\u00e1lnych po\u017eiadaviek z\u00e1kazn\u00edka. To znamen\u00e1, \u017ee z\u00e1kazn\u00edk si m\u00f4\u017ee zvoli\u0165 \u013eubovo\u013en\u00e9 rozmery, farby a \u010fal\u0161ie parametre objektu. Sme schopn\u00ed realizova\u0165 projekty do posledn\u00e9ho centimetra. To je ve\u013emi d\u00f4le\u017eit\u00e9, preto\u017ee z\u00e1kazn\u00edk s\u00e1m najlep\u0161ie vie, \u010do od objektu chce a \u010do od neho o\u010dak\u00e1va.<\/p>\n\n\n\n<h2 class=\"text-2xl md:text-3xl lg:text-4xl wp-block-mrblocks-generictext\">Doba realiz\u00e1cie:<\/h2>\n\n\n\n<p>Na\u0161e zariadenia s\u00fa zmontovan\u00e9 v priebehu nieko\u013ek\u00fdch dn\u00ed a cel\u00fd \u010das realiz\u00e1cie sa kon\u010d\u00ed v priebehu nieko\u013ek\u00fdch t\u00fd\u017ed\u0148ov. Pon\u00fakame aj hotov\u00e9 kontajnery, ktor\u00e9 vieme doda\u0165 dokonca do 24 hod\u00edn. V z\u00e1vislosti od bud\u00faceho vyu\u017eitia zariadenia pon\u00fakame \u0161irok\u00fa \u0161k\u00e1lu vyhotoven\u00ed. Na\u0161e pavil\u00f3ny sp\u00e1jaj\u00fa vysok\u00fa \u00farove\u0148 komfortu a modern\u00fd dizajn.<\/p>\n\n\n\n<h2 class=\"text-2xl md:text-3xl lg:text-4xl wp-block-mrblocks-generictext\">Stavebn\u00e9 materi\u00e1ly:<\/h2>\n\n\n\n<p>Materi\u00e1ly, ktor\u00e9 pou\u017e\u00edvame na v\u00fdrobu na\u0161ich kon\u0161trukci\u00ed, s\u00fa bez\u00fadr\u017ebov\u00e9 a ve\u013emi odoln\u00e9. Servisn\u00e9 pavil\u00f3ny s\u00fa vyroben\u00e9 technol\u00f3giou \u013eahk\u00e9ho opl\u00e1\u0161tenia, \u010do znamen\u00e1, \u017ee nie s\u00fa trvalo spojen\u00e9 so zemou a m\u00f4\u017eu by\u0165 postaven\u00e9 na najvhodnej\u0161\u00edch miestach pre va\u0161u firmu.<\/p>\n\n\n\n<p>Sendvi\u010dov\u00e9 panely pou\u017e\u00edvan\u00e9 v na\u0161ich budov\u00e1ch m\u00f4\u017eu ma\u0165 jadro z polystyr\u00e9nu, polyuret\u00e1nu alebo miner\u00e1lnej vlny. Dod\u00e1vaj\u00fa sa v r\u00f4znych farb\u00e1ch. Kvalita je pre n\u00e1s ve\u013emi d\u00f4le\u017eit\u00e1, preto si panely objedn\u00e1vame priamo od v\u00fdrobcu v Po\u013esku, ktor\u00fd ich vyr\u00e1ba na jednej z najmodernej\u0161\u00edch v\u00fdrobn\u00fdch liniek. Maj\u00fa ve\u013emi dobr\u00e9 pevnostn\u00e9 parametre a izola\u010dn\u00e9 vlastnosti, ktor\u00e9 zni\u017euj\u00fa prev\u00e1dzkov\u00e9 n\u00e1klady budovy a spotrebu energie. N\u00edzka hmotnos\u0165 umo\u017e\u0148uje pou\u017eitie \u013eahkej nosnej kon\u0161trukcie. Kompozitn\u00e9 panely maj\u00fa certifik\u00e1ty, technick\u00e9 schv\u00e1lenie ITB, hygienick\u00fd atest a po\u017eiarnu klasifik\u00e1ciu.<\/p>\n\n\n\n<p>Na stavbu pavil\u00f3nov vyber\u00e1me len tie najlep\u0161ie materi\u00e1ly, aby sme dosiahli maxim\u00e1lnu odolnos\u0165 kon\u0161trukcie a modern\u00fd a v\u00fdrazn\u00fd vzh\u013ead. Hlavnou v\u00fdhodou je starostliv\u00fd v\u00fdber vhodn\u00fdch materi\u00e1lov, preto\u017ee len tak sa d\u00e1 dosiahnu\u0165 vysok\u00e1 kvalita.<\/p>\n\n\n\n<p>Zariadenia m\u00f4\u017eu ma\u0165 samonosn\u00fa izolovan\u00fa podlahu na oce\u013eovom ro\u0161te, ukon\u010den\u00fa podlahov\u00fdmi panelmi alebo PVC podlahou. Plocha, na ktorej m\u00e1 by\u0165 pavil\u00f3n postaven\u00fd, by mala by\u0165 spevnen\u00e1. Najlep\u0161\u00edm rie\u0161en\u00edm je vylia\u0165 z\u00e1kladov\u00fa dosku, polo\u017ei\u0165 bet\u00f3nov\u00e9 platne alebo dla\u017eobn\u00e9 kocky. Ak klient nem\u00e1 mo\u017enos\u0165 pripravi\u0165 si podklad, pavil\u00f3n sa m\u00f4\u017ee zalo\u017ei\u0165 na bet\u00f3nov\u00fdch tv\u00e1rniciach.<\/p>\n\n\n\n<p>Ru\u010d\u00edme za vyhotovenie objektu a pou\u017eit\u00e9 materi\u00e1ly v s\u00falade s po\u013esk\u00fdmi normami. V\u0161etky pou\u017eit\u00e9 materi\u00e1ly maj\u00fa potrebn\u00e9 certifik\u00e1ty, atesty a technick\u00e9 osved\u010denia. Nami postaven\u00e9 budovy s\u00fa k dispoz\u00edcii v \u0161irokej \u0161k\u00e1le farieb. Pou\u017eitie vhodn\u00fdch materi\u00e1lov zabezpe\u010duje n\u00edzky s\u00fa\u010dinite\u013e prechodu tepla a robustn\u00fa kon\u0161trukciu.<\/p>\n\n\n\n<h2 class=\"text-2xl md:text-3xl lg:text-4xl wp-block-mrblocks-generictext\">\u010eal\u0161ie vybavenie:<\/h2>\n\n\n\n<p>Na po\u017eiadanie m\u00f4\u017eeme kdeko\u013evek nain\u0161talova\u0165 deliace steny, ktor\u00e9 rozdelia objekt na nieko\u013eko miestnost\u00ed, \u010d\u00edm sa dosiahne vysok\u00e1 funk\u010dnos\u0165 objektu. V\u010faka flexibiln\u00fdm mo\u017enostiam \u00fapravy panelov zaru\u010dujeme, \u017ee ak\u00fdko\u013evek priestor sa d\u00e1 plne vyu\u017ei\u0165.<\/p>\n\n\n\n<p>Je tu aj mo\u017enos\u0165 in\u0161tal\u00e1cie elektrick\u00e9ho a vykurovacieho zariadenia.<\/p>\n\n\n\n<p>Na po\u017eiadanie m\u00f4\u017eeme ka\u017ed\u00fd model pavil\u00f3nu obohati\u0165 o r\u00f4zne dekorat\u00edvne prvky, ako s\u00fa: Fas\u00e1dna doska, fas\u00e1dny kame\u0148, dekorat\u00edvne panely a kazety.<\/p>\n\n\n\n<h2 class=\"text-2xl md:text-3xl lg:text-4xl wp-block-mrblocks-generictext\">V\u00fdhody pavil\u00f3novej kon\u0161trukcie oproti tradi\u010dnej kon\u0161trukcii:<\/h2>\n\n\n\n<ul class=\"wp-block-list\">\n<li>Ni\u017e\u0161ie investi\u010dn\u00e9 n\u00e1klady<\/li>\n\n\n\n<li>Ove\u013ea krat\u0161ie dodacie lehoty<\/li>\n\n\n\n<li>Mobilita<\/li>\n\n\n\n<li>\u013dahko roz\u0161\u00edrite\u013en\u00fd<\/li>\n\n\n\n<li>Estetika a modern\u00fd dizajn<\/li>\n<\/ul>\n<\/div>\n","protected":false},"excerpt":{"rendered":"<p>irma Szym-Bud pon\u00faka jednopodla\u017en\u00e9 budovy z kompozitn\u00fdch panelov. V\u0161etky parametre na\u0161ich objektov je mo\u017en\u00e9 \u013eubovo\u013ene upravova\u0165 a vytvori\u0165 tak objekt, ktor\u00fd bude sp\u013a\u0148a\u0165 v\u0161etky va\u0161e po\u017eiadavky. Objekty sa vyr\u00e1baj\u00fa pod\u013ea individu\u00e1lnych po\u017eiadaviek z\u00e1kazn\u00edka. To znamen\u00e1, \u017ee z\u00e1kazn\u00edk si m\u00f4\u017ee zvoli\u0165 \u013eubovo\u013en\u00e9 rozmery, farby a \u010fal\u0161ie parametre objektu. Sme schopn\u00ed realizova\u0165 projekty do posledn\u00e9ho centimetra. To [&hellip;]<\/p>\n","protected":false},"author":1,"featured_media":0,"parent":0,"menu_order":0,"comment_status":"closed","ping_status":"closed","template":"","meta":{"footnotes":""},"class_list":["post-1100","page","type-page","status-publish","hentry"],"_links":{"self":[{"href":"https:\/\/www.szymbud-pawilony.pl\/sk\/wp-json\/wp\/v2\/pages\/1100","targetHints":{"allow":["GET"]}}],"collection":[{"href":"https:\/\/www.szymbud-pawilony.pl\/sk\/wp-json\/wp\/v2\/pages"}],"about":[{"href":"https:\/\/www.szymbud-pawilony.pl\/sk\/wp-json\/wp\/v2\/types\/page"}],"author":[{"embeddable":true,"href":"https:\/\/www.szymbud-pawilony.pl\/sk\/wp-json\/wp\/v2\/users\/1"}],"replies":[{"embeddable":true,"href":"https:\/\/www.szymbud-pawilony.pl\/sk\/wp-json\/wp\/v2\/comments?post=1100"}],"version-history":[{"count":3,"href":"https:\/\/www.szymbud-pawilony.pl\/sk\/wp-json\/wp\/v2\/pages\/1100\/revisions"}],"predecessor-version":[{"id":1645,"href":"https:\/\/www.szymbud-pawilony.pl\/sk\/wp-json\/wp\/v2\/pages\/1100\/revisions\/1645"}],"wp:attachment":[{"href":"https:\/\/www.szymbud-pawilony.pl\/sk\/wp-json\/wp\/v2\/media?parent=1100"}],"curies":[{"name":"wp","href":"https:\/\/api.w.org\/{rel}","templated":true}]}}

Technický popis

<div class="wp-block-group main-wrapper px-5 text-container is-layout-constrained wp-block-group-is-layout-constrained">
<p>irma Szym-Bud ponúka jednopodlažné budovy z kompozitných panelov. Všetky parametre našich objektov je možné ľubovoľne upravovať a vytvoriť tak objekt, ktorý bude spĺňať všetky vaše požiadavky. Objekty sa vyrábajú podľa individuálnych požiadaviek zákazníka. To znamená, že zákazník si môže zvoliť ľubovoľné rozmery, farby a ďalšie parametre objektu. Sme schopní realizovať projekty do posledného centimetra. To je veľmi dôležité, pretože zákazník sám najlepšie vie, čo od objektu chce a čo od neho očakáva.</p>



<h2 class="text-2xl md:text-3xl lg:text-4xl wp-block-mrblocks-generictext">Doba realizácie:</h2>



<p>Naše zariadenia sú zmontované v priebehu niekoľkých dní a celý čas realizácie sa končí v priebehu niekoľkých týždňov. Ponúkame aj hotové kontajnery, ktoré vieme dodať dokonca do 24 hodín. V závislosti od budúceho využitia zariadenia ponúkame širokú škálu vyhotovení. Naše pavilóny spájajú vysokú úroveň komfortu a moderný dizajn.</p>



<h2 class="text-2xl md:text-3xl lg:text-4xl wp-block-mrblocks-generictext">Stavebné materiály:</h2>



<p>Materiály, ktoré používame na výrobu našich konštrukcií, sú bezúdržbové a veľmi odolné. Servisné pavilóny sú vyrobené technológiou ľahkého opláštenia, čo znamená, že nie sú trvalo spojené so zemou a môžu byť postavené na najvhodnejších miestach pre vašu firmu.</p>



<p>Sendvičové panely používané v našich budovách môžu mať jadro z polystyrénu, polyuretánu alebo minerálnej vlny. Dodávajú sa v rôznych farbách. Kvalita je pre nás veľmi dôležitá, preto si panely objednávame priamo od výrobcu v Poľsku, ktorý ich vyrába na jednej z najmodernejších výrobných liniek. Majú veľmi dobré pevnostné parametre a izolačné vlastnosti, ktoré znižujú prevádzkové náklady budovy a spotrebu energie. Nízka hmotnosť umožňuje použitie ľahkej nosnej konštrukcie. Kompozitné panely majú certifikáty, technické schválenie ITB, hygienický atest a požiarnu klasifikáciu.</p>



<p>Na stavbu pavilónov vyberáme len tie najlepšie materiály, aby sme dosiahli maximálnu odolnosť konštrukcie a moderný a výrazný vzhľad. Hlavnou výhodou je starostlivý výber vhodných materiálov, pretože len tak sa dá dosiahnuť vysoká kvalita.</p>



<p>Zariadenia môžu mať samonosnú izolovanú podlahu na oceľovom rošte, ukončenú podlahovými panelmi alebo PVC podlahou. Plocha, na ktorej má byť pavilón postavený, by mala byť spevnená. Najlepším riešením je vyliať základovú dosku, položiť betónové platne alebo dlažobné kocky. Ak klient nemá možnosť pripraviť si podklad, pavilón sa môže založiť na betónových tvárniciach.</p>



<p>Ručíme za vyhotovenie objektu a použité materiály v súlade s poľskými normami. Všetky použité materiály majú potrebné certifikáty, atesty a technické osvedčenia. Nami postavené budovy sú k dispozícii v širokej škále farieb. Použitie vhodných materiálov zabezpečuje nízky súčiniteľ prechodu tepla a robustnú konštrukciu.</p>



<h2 class="text-2xl md:text-3xl lg:text-4xl wp-block-mrblocks-generictext">Ďalšie vybavenie:</h2>



<p>Na požiadanie môžeme kdekoľvek nainštalovať deliace steny, ktoré rozdelia objekt na niekoľko miestností, čím sa dosiahne vysoká funkčnosť objektu. Vďaka flexibilným možnostiam úpravy panelov zaručujeme, že akýkoľvek priestor sa dá plne využiť.</p>



<p>Je tu aj možnosť inštalácie elektrického a vykurovacieho zariadenia.</p>



<p>Na požiadanie môžeme každý model pavilónu obohatiť o rôzne dekoratívne prvky, ako sú: Fasádna doska, fasádny kameň, dekoratívne panely a kazety.</p>



<h2 class="text-2xl md:text-3xl lg:text-4xl wp-block-mrblocks-generictext">Výhody pavilónovej konštrukcie oproti tradičnej konštrukcii:</h2>



<ul class="wp-block-list">
<li>Nižšie investičné náklady</li>



<li>Oveľa kratšie dodacie lehoty</li>



<li>Mobilita</li>



<li>Ľahko rozšíriteľný</li>



<li>Estetika a moderný dizajn</li>
</ul>
</div>

<p>irma Szym-Bud ponúka jednopodlažné budovy z kompozitných panelov. Všetky parametre našich objektov je možné ľubovoľne upravovať a vytvoriť tak objekt, ktorý bude spĺňať všetky vaše požiadavky. Objekty sa vyrábajú podľa individuálnych požiadaviek zákazníka. To znamená, že zákazník si môže zvoliť ľubovoľné rozmery, farby a ďalšie parametre objektu. Sme schopní realizovať projekty do posledného centimetra. To [&hellip;]</p>
