{"id":1104,"date":"2025-07-16T10:43:33","date_gmt":"2025-07-16T08:43:33","guid":{"rendered":"https:\/\/www.szymbud-pawilony.pl\/o-firmie\/"},"modified":"2025-08-29T08:47:39","modified_gmt":"2025-08-29T06:47:39","slug":"o-spolocnosti","status":"publish","type":"page","link":"https:\/\/www.szymbud-pawilony.pl\/sk\/o-spolocnosti\/","title":{"rendered":"O spolo\u010dnosti"},"content":{"rendered":"\n<div class=\"wp-block-columns xxl-wrapper  !p-0 is-layout-flex wp-container-core-columns-is-layout-28f84493 wp-block-columns-is-layout-flex\">\n<div class=\"wp-block-column is-layout-flow wp-block-column-is-layout-flow\">\n<div class=\"wp-block-cover is-light\" style=\"min-height:596px;aspect-ratio:unset;\"><img loading=\"lazy\" decoding=\"async\" width=\"978\" height=\"571\" class=\"wp-block-cover__image-background wp-image-1036 size-full\" alt=\"\" src=\"https:\/\/www.szymbud-pawilony.pl\/wp-content\/uploads\/2025\/08\/pawilon-handlowy.webp\" data-object-fit=\"cover\" srcset=\"https:\/\/www.szymbud-pawilony.pl\/wp-content\/uploads\/2025\/08\/pawilon-handlowy.webp 978w, https:\/\/www.szymbud-pawilony.pl\/wp-content\/uploads\/2025\/08\/pawilon-handlowy-300x175.webp 300w, https:\/\/www.szymbud-pawilony.pl\/wp-content\/uploads\/2025\/08\/pawilon-handlowy-768x448.webp 768w\" sizes=\"auto, (max-width: 978px) 100vw, 978px\" \/><span aria-hidden=\"true\" class=\"wp-block-cover__background has-background-dim-0 has-background-dim\"><\/span><div class=\"wp-block-cover__inner-container is-layout-constrained wp-block-cover-is-layout-constrained\">\n<p class=\"has-text-align-center has-large-font-size\"><\/p>\n<\/div><\/div>\n<\/div>\n\n\n\n<div class=\"wp-block-column has-gray-text-color has-text-color has-link-color wp-elements-baf6c29f9edcf70368972198a81e7e98 is-layout-flow wp-block-column-is-layout-flow\">\n<div style=\"height:50px\" aria-hidden=\"true\" class=\"wp-block-spacer\"><\/div>\n\n\n\n<div style=\"height:20px\" aria-hidden=\"true\" class=\"wp-block-spacer\"><\/div>\n\n\n\n<div class=\"wp-block-group px-8 text-container is-vertical is-layout-flex wp-container-core-group-is-layout-fe9cc265 wp-block-group-is-layout-flex\">\n<div style=\"height:0px\" aria-hidden=\"true\" class=\"wp-block-spacer wp-container-content-62aae154\"><\/div>\n\n\n\n<h3 class=\"wp-block-heading\">O n\u00e1s<\/h3>\n\n\n\n<p>Spolo\u010dnos\u0165 SZYM-BUD p\u00f4sob\u00ed na trhu u\u017e mnoho rokov v\u010faka d\u00f4vere svojich z\u00e1kazn\u00edkov. Spolo\u010dnos\u0165 sa \u0161pecializuje na v\u00fdstavbu budov z kompozitn\u00fdch panelov, tzv. oborn\u00edckej dosky.<\/p>\n\n\n\n<p>Postavili sme stovky zariaden\u00ed v Po\u013esku, Nemecku, \u0160vaj\u010diarsku, Taliansku, Rak\u00fasku, na Slovensku a v Ma\u010farsku.<\/p>\n\n\n\n<p>Vyzna\u010dujeme sa individu\u00e1lnym pr\u00edstupom k z\u00e1kazn\u00edkovi, r\u00fdchlym spracovan\u00edm a zodpovednos\u0165ou. Zameriavame sa na kvalitu, funk\u010dnos\u0165 a estetiku za atrakt\u00edvne ceny.<br><br>V\u0161etky na\u0161e stavby s\u00fa celoro\u010dne zateplen\u00e9 a dod\u00e1vame ich so z\u00e1rukou a na po\u017eiadanie aj so v\u0161etkou potrebnou dokument\u00e1ciou.<\/p>\n\n\n\n<div style=\"height:0px\" aria-hidden=\"true\" class=\"wp-block-spacer wp-container-content-e1bb55cb\"><\/div>\n<\/div>\n\n\n\n<p><\/p>\n\n\n\n<div style=\"height:50px\" aria-hidden=\"true\" class=\"wp-block-spacer\"><\/div>\n<\/div>\n<\/div>\n\n\n<div class=\" spacing-top main-wrapper \" \/>\n<\/div>\n\n\n<div class=\"wp-block-group is-layout-constrained wp-block-group-is-layout-constrained\">\n<div class=\"wp-block-columns main-wrapper px-5 gap-10 is-layout-flex wp-container-core-columns-is-layout-28f84493 wp-block-columns-is-layout-flex\">\n<div class=\"wp-block-column is-layout-flow wp-block-column-is-layout-flow\">\n<h2 class=\"text-3xl md:text-4xl lg:text-5xl wp-block-mrblocks-generictext\">Pre\u010do<br><strong>pre\u010do si vybra\u0165 pr\u00e1ve n\u00e1s:<\/strong><\/h2>\n<\/div>\n\n\n\n<div class=\"wp-block-column text-container is-layout-flow wp-block-column-is-layout-flow\">\n<p class=\"has-medium-font-size\">Vyr\u00e1bame zo sendvi\u010dov\u00fdch panelov:<\/p>\n\n\n\n<p>Vyr\u00e1baj\u00fa sa pod\u013ea individu\u00e1lnych po\u017eiadaviek z\u00e1kazn\u00edka (\u013eubovo\u013en\u00e9 rozmery). Kompozitn\u00e9 dosky maj\u00fa technick\u00e9 schv\u00e1lenie ITB, hygienick\u00fd atest, po\u017eiarnu klasifik\u00e1ciu, s\u00fa dostupn\u00e9 v \u0161irokej \u0161k\u00e1le farieb (pod\u013ea palety RAL) a hr\u00fabok (od 60 do 250 mm).<\/p>\n\n\n\n<div class=\"wp-block-columns gap-10 is-layout-flex wp-container-core-columns-is-layout-28f84493 wp-block-columns-is-layout-flex\">\n<div class=\"wp-block-column is-layout-flow wp-block-column-is-layout-flow\">\n<ul class=\"wp-block-list\">\n<li>Komer\u010dn\u00e9 pavil\u00f3ny<\/li>\n\n\n\n<li>Kiosky<\/li>\n\n\n\n<li>Portery<\/li>\n\n\n\n<li>Kontajnery<\/li>\n\n\n\n<li>Chladiarensk\u00e9 sklady<\/li>\n<\/ul>\n<\/div>\n\n\n\n<div class=\"wp-block-column is-layout-flow wp-block-column-is-layout-flow\">\n<ul class=\"wp-block-list\">\n<li>Skrine proti Haleovi<\/li>\n\n\n\n<li>Stre\u0161n\u00e9 krytiny<\/li>\n\n\n\n<li>Vonkaj\u0161ie \u017eal\u00fazie<\/li>\n\n\n\n<li>Hlin\u00edkov\u00e9 stol\u00e1rske v\u00fdrobky<\/li>\n\n\n\n<li>V\u00fdroba a mont\u00e1\u017e oce\u013eov\u00fdch kon\u0161trukci\u00ed<\/li>\n<\/ul>\n<\/div>\n<\/div>\n<\/div>\n<\/div>\n<\/div>\n","protected":false},"excerpt":{"rendered":"<p>O n\u00e1s Spolo\u010dnos\u0165 SZYM-BUD p\u00f4sob\u00ed na trhu u\u017e mnoho rokov v\u010faka d\u00f4vere svojich z\u00e1kazn\u00edkov. Spolo\u010dnos\u0165 sa \u0161pecializuje na v\u00fdstavbu budov z kompozitn\u00fdch panelov, tzv. oborn\u00edckej dosky. Postavili sme stovky zariaden\u00ed v Po\u013esku, Nemecku, \u0160vaj\u010diarsku, Taliansku, Rak\u00fasku, na Slovensku a v Ma\u010farsku. Vyzna\u010dujeme sa individu\u00e1lnym pr\u00edstupom k z\u00e1kazn\u00edkovi, r\u00fdchlym spracovan\u00edm a zodpovednos\u0165ou. Zameriavame sa na kvalitu, [&hellip;]<\/p>\n","protected":false},"author":1,"featured_media":0,"parent":0,"menu_order":0,"comment_status":"closed","ping_status":"closed","template":"","meta":{"footnotes":""},"class_list":["post-1104","page","type-page","status-publish","hentry"],"_links":{"self":[{"href":"https:\/\/www.szymbud-pawilony.pl\/sk\/wp-json\/wp\/v2\/pages\/1104","targetHints":{"allow":["GET"]}}],"collection":[{"href":"https:\/\/www.szymbud-pawilony.pl\/sk\/wp-json\/wp\/v2\/pages"}],"about":[{"href":"https:\/\/www.szymbud-pawilony.pl\/sk\/wp-json\/wp\/v2\/types\/page"}],"author":[{"embeddable":true,"href":"https:\/\/www.szymbud-pawilony.pl\/sk\/wp-json\/wp\/v2\/users\/1"}],"replies":[{"embeddable":true,"href":"https:\/\/www.szymbud-pawilony.pl\/sk\/wp-json\/wp\/v2\/comments?post=1104"}],"version-history":[{"count":1,"href":"https:\/\/www.szymbud-pawilony.pl\/sk\/wp-json\/wp\/v2\/pages\/1104\/revisions"}],"predecessor-version":[{"id":1201,"href":"https:\/\/www.szymbud-pawilony.pl\/sk\/wp-json\/wp\/v2\/pages\/1104\/revisions\/1201"}],"wp:attachment":[{"href":"https:\/\/www.szymbud-pawilony.pl\/sk\/wp-json\/wp\/v2\/media?parent=1104"}],"curies":[{"name":"wp","href":"https:\/\/api.w.org\/{rel}","templated":true}]}}

O spoločnosti

<div class="wp-block-columns xxl-wrapper  !p-0 is-layout-flex wp-container-core-columns-is-layout-28f84493 wp-block-columns-is-layout-flex">
<div class="wp-block-column is-layout-flow wp-block-column-is-layout-flow">
<div class="wp-block-cover is-light" style="min-height:596px;aspect-ratio:unset;"><img loading="lazy" decoding="async" width="978" height="571" class="wp-block-cover__image-background wp-image-1036 size-full" alt="" src="https://www.szymbud-pawilony.pl/wp-content/uploads/2025/08/pawilon-handlowy.webp" data-object-fit="cover" srcset="https://www.szymbud-pawilony.pl/wp-content/uploads/2025/08/pawilon-handlowy.webp 978w, https://www.szymbud-pawilony.pl/wp-content/uploads/2025/08/pawilon-handlowy-300x175.webp 300w, https://www.szymbud-pawilony.pl/wp-content/uploads/2025/08/pawilon-handlowy-768x448.webp 768w" sizes="auto, (max-width: 978px) 100vw, 978px" /><span aria-hidden="true" class="wp-block-cover__background has-background-dim-0 has-background-dim"></span><div class="wp-block-cover__inner-container is-layout-constrained wp-block-cover-is-layout-constrained">
<p class="has-text-align-center has-large-font-size"></p>
</div></div>
</div>



<div class="wp-block-column has-gray-text-color has-text-color has-link-color wp-elements-baf6c29f9edcf70368972198a81e7e98 is-layout-flow wp-block-column-is-layout-flow">
<div style="height:50px" aria-hidden="true" class="wp-block-spacer"></div>



<div style="height:20px" aria-hidden="true" class="wp-block-spacer"></div>



<div class="wp-block-group px-8 text-container is-vertical is-layout-flex wp-container-core-group-is-layout-fe9cc265 wp-block-group-is-layout-flex">
<div style="height:0px" aria-hidden="true" class="wp-block-spacer wp-container-content-62aae154"></div>



<h3 class="wp-block-heading">O nás</h3>



<p>Spoločnosť SZYM-BUD pôsobí na trhu už mnoho rokov vďaka dôvere svojich zákazníkov. Spoločnosť sa špecializuje na výstavbu budov z kompozitných panelov, tzv. oborníckej dosky.</p>



<p>Postavili sme stovky zariadení v Poľsku, Nemecku, Švajčiarsku, Taliansku, Rakúsku, na Slovensku a v Maďarsku.</p>



<p>Vyznačujeme sa individuálnym prístupom k zákazníkovi, rýchlym spracovaním a zodpovednosťou. Zameriavame sa na kvalitu, funkčnosť a estetiku za atraktívne ceny.<br><br>Všetky naše stavby sú celoročne zateplené a dodávame ich so zárukou a na požiadanie aj so všetkou potrebnou dokumentáciou.</p>



<div style="height:0px" aria-hidden="true" class="wp-block-spacer wp-container-content-e1bb55cb"></div>
</div>



<p></p>



<div style="height:50px" aria-hidden="true" class="wp-block-spacer"></div>
</div>
</div>


<div class=" spacing-top main-wrapper " />
</div>


<div class="wp-block-group is-layout-constrained wp-block-group-is-layout-constrained">
<div class="wp-block-columns main-wrapper px-5 gap-10 is-layout-flex wp-container-core-columns-is-layout-28f84493 wp-block-columns-is-layout-flex">
<div class="wp-block-column is-layout-flow wp-block-column-is-layout-flow">
<h2 class="text-3xl md:text-4xl lg:text-5xl wp-block-mrblocks-generictext">Prečo<br><strong>prečo si vybrať práve nás:</strong></h2>
</div>



<div class="wp-block-column text-container is-layout-flow wp-block-column-is-layout-flow">
<p class="has-medium-font-size">Vyrábame zo sendvičových panelov:</p>



<p>Vyrábajú sa podľa individuálnych požiadaviek zákazníka (ľubovoľné rozmery). Kompozitné dosky majú technické schválenie ITB, hygienický atest, požiarnu klasifikáciu, sú dostupné v širokej škále farieb (podľa palety RAL) a hrúbok (od 60 do 250 mm).</p>



<div class="wp-block-columns gap-10 is-layout-flex wp-container-core-columns-is-layout-28f84493 wp-block-columns-is-layout-flex">
<div class="wp-block-column is-layout-flow wp-block-column-is-layout-flow">
<ul class="wp-block-list">
<li>Komerčné pavilóny</li>



<li>Kiosky</li>



<li>Portery</li>



<li>Kontajnery</li>



<li>Chladiarenské sklady</li>
</ul>
</div>



<div class="wp-block-column is-layout-flow wp-block-column-is-layout-flow">
<ul class="wp-block-list">
<li>Skrine proti Haleovi</li>



<li>Strešné krytiny</li>



<li>Vonkajšie žalúzie</li>



<li>Hliníkové stolárske výrobky</li>



<li>Výroba a montáž oceľových konštrukcií</li>
</ul>
</div>
</div>
</div>
</div>
</div>

<p>O nás Spoločnosť SZYM-BUD pôsobí na trhu už mnoho rokov vďaka dôvere svojich zákazníkov. Spoločnosť sa špecializuje na výstavbu budov z kompozitných panelov, tzv. oborníckej dosky. Postavili sme stovky zariadení v Poľsku, Nemecku, Švajčiarsku, Taliansku, Rakúsku, na Slovensku a v Maďarsku. Vyznačujeme sa individuálnym prístupom k zákazníkovi, rýchlym spracovaním a zodpovednosťou. Zameriavame sa na kvalitu, [&hellip;]</p>
