{"id":1333,"date":"2025-08-29T09:33:05","date_gmt":"2025-08-29T07:33:05","guid":{"rendered":"https:\/\/www.szymbud-pawilony.pl\/kontenery-biurowe-i-handlowe-swietokrzyskie\/"},"modified":"2025-08-29T09:33:05","modified_gmt":"2025-08-29T07:33:05","slug":"kontenery-biurowe-i-handlowe-swietokrzyskie","status":"publish","type":"page","link":"https:\/\/www.szymbud-pawilony.pl\/sk\/kontenery-biurowe-i-handlowe-swietokrzyskie\/","title":{"rendered":"Kancel\u00e1rske a obchodn\u00e9 kontajnery \u015awi\u0119tokrzyskie"},"content":{"rendered":"\n<div class=\"wp-block-group main-wrapper px-5 !mx-auto text-container is-layout-flow wp-block-group-is-layout-flow\">\n<p><strong><a href=\"https:\/\/www.szymbud-pawilony.pl\/kontenery-biurowe.html\">Kancel\u00e1rske kontajnery<\/a> a <a href=\"https:\/\/www.szymbud-pawilony.pl\/kontenery-handlowe.html\">obchodn\u00e9 kontajnery<\/a> vo Sv\u00e4tokr\u00ed\u017eskom vojvodstve<\/strong> s\u00fa funk\u010dn\u00fdm a modern\u00fdm rie\u0161en\u00edm pre firmy, ktor\u00e9 potrebuj\u00fa flexibiln\u00fd \u00fa\u017eitkov\u00fd priestor. V\u010faka modul\u00e1rnej kon\u0161trukcii a vysokej kvalite spracovania s\u00fa tieto kontajnery ide\u00e1lnou vo\u013ebou pre mal\u00e9 podniky aj v\u00e4\u010d\u0161\u00edch investorov.<\/p>\n\n\n\n<h2 class=\"wp-block-heading\">Vyu\u017e\u00edvanie kancel\u00e1rskych a obchodn\u00fdch kontajnerov v regi\u00f3ne \u015awi\u0119tokrzyskie<\/h2>\n\n\n\n<p>Kancel\u00e1rske a obchodn\u00e9 kontajnery sa pou\u017e\u00edvaj\u00fa v \u0161irokej \u0161k\u00e1le aplik\u00e1ci\u00ed vr\u00e1tane:<\/p>\n\n\n\n<ul class=\"wp-block-list\">\n<li><strong>Do\u010dasn\u00e9 alebo trval\u00e9 kancel\u00e1rske budovy<\/strong> &#8211; ide\u00e1lne pre spolo\u010dnosti, ktor\u00e9 pr\u00e1ve stavaj\u00fa alebo rekon\u0161truuj\u00fa svoje k\u0148azstv\u00e1.<\/li>\n\n\n\n<li><strong>Komer\u010dn\u00e9 pavil\u00f3ny<\/strong> &#8211; ide\u00e1lne ako obchody, predajne slu\u017eieb alebo st\u00e1nky.<\/li>\n\n\n\n<li><strong>Soci\u00e1lne miestnosti<\/strong> &#8211; pre stavebn\u00fdch robotn\u00edkov alebo in\u00e9 do\u010dasn\u00e9 zariadenia.<\/li>\n\n\n\n<li><strong>V\u00fdstavn\u00e9 priestory<\/strong> &#8211; na ve\u013etrhoch, v\u00fdstav\u00e1ch alebo miestnych podujatiach.<\/li>\n<\/ul>\n\n\n\n<h2 class=\"wp-block-heading\">V\u00fdhody obchodn\u00fdch a kancel\u00e1rskych kontajnerov, ktor\u00e9 in\u0161talujeme v regi\u00f3ne \u015awi\u0119tokrzyskie<\/h2>\n\n\n\n<p>Kancel\u00e1rske a obchodn\u00e9 kontajnery in\u0161talovan\u00e9 vo Sv\u00e4tokr\u00ed\u017eskom vojvodstve predstavuj\u00fa modern\u00e9 a univerz\u00e1lne rie\u0161enie, ktor\u00e9 sa vyzna\u010duje viacer\u00fdmi k\u013e\u00fa\u010dov\u00fdmi v\u00fdhodami:<\/p>\n\n\n\n<ol class=\"wp-block-list\">\n<li><strong>R\u00fdchla mont\u00e1\u017e a demont\u00e1\u017e<\/strong> &#8211; kontajnery sa daj\u00fa postavi\u0165 v kr\u00e1tkom \u010dase, \u010do z nich rob\u00ed skvel\u00e9 rie\u0161enie pre situ\u00e1cie, ktor\u00e9 si vy\u017eaduj\u00fa r\u00fdchle prisp\u00f4sobenie priestoru.<\/li>\n\n\n\n<li>Mo\u017enos\u0165 <strong>prisp\u00f4sobenia<\/strong> &#8211; k dispoz\u00edcii s\u00fa r\u00f4zne rozmery, usporiadanie miestnosti a mo\u017enosti povrchovej \u00fapravy.<\/li>\n\n\n\n<li><strong>Mobilita<\/strong> &#8211; kontajnery mo\u017eno \u013eahko premiestni\u0165 na in\u00e9 miesto, \u010do umo\u017e\u0148uje flexibiln\u00fa spr\u00e1vu priestoru.<\/li>\n\n\n\n<li><strong>Odolnos\u0165<\/strong> &#8211; robustn\u00e1 kon\u0161trukcia zaru\u010duje odolnos\u0165 vo\u010di poveternostn\u00fdm vplyvom a intenz\u00edvnemu pou\u017e\u00edvaniu.<\/li>\n\n\n\n<li><strong>Hospod\u00e1rnos\u0165<\/strong> &#8211; ni\u017e\u0161ie n\u00e1klady v porovnan\u00ed s tradi\u010dnou v\u00fdstavbou.<\/li>\n<\/ol>\n\n\n\n<h2 class=\"wp-block-heading\">Pre\u010do si vybra\u0165 kancel\u00e1rske a obchodn\u00e9 kontajnery v meste \u015awi\u0119tokrzyskie?<\/h2>\n\n\n\n<p>Sv\u00e4tokr\u00ed\u017eske vojvodstvo je regi\u00f3n s rozv\u00edjaj\u00facou sa infra\u0161trukt\u00farou a ve\u013ek\u00fdm podnikate\u013esk\u00fdm potenci\u00e1lom. Kancel\u00e1rske a obchodn\u00e9 kontajnery s\u00fa ide\u00e1lnym rie\u0161en\u00edm pre miestnych podnikate\u013eov, ktor\u00ed h\u013eadaj\u00fa flexibiln\u00e9 a praktick\u00e9 priestory. Mo\u017eno ich vyu\u017ei\u0165 tak v mest\u00e1ch, ako s\u00fa Kielce, ako aj v men\u0161\u00edch obciach alebo investi\u010dn\u00fdch z\u00f3nach.<\/p>\n\n\n\n<p>V\u010faka kombin\u00e1cii funk\u010dnosti, estetiky a modern\u00fdch rie\u0161en\u00ed s\u00fa kancel\u00e1rske a obchodn\u00e9 kontajnery invest\u00edciou, ktor\u00e1 spln\u00ed o\u010dak\u00e1vania aj t\u00fdch najn\u00e1ro\u010dnej\u0161\u00edch z\u00e1kazn\u00edkov.<\/p>\n<\/div>\n","protected":false},"excerpt":{"rendered":"<p>Kancel\u00e1rske kontajnery a obchodn\u00e9 kontajnery vo Sv\u00e4tokr\u00ed\u017eskom vojvodstve s\u00fa funk\u010dn\u00fdm a modern\u00fdm rie\u0161en\u00edm pre firmy, ktor\u00e9 potrebuj\u00fa flexibiln\u00fd \u00fa\u017eitkov\u00fd priestor. V\u010faka modul\u00e1rnej kon\u0161trukcii a vysokej kvalite spracovania s\u00fa tieto kontajnery ide\u00e1lnou vo\u013ebou pre mal\u00e9 podniky aj v\u00e4\u010d\u0161\u00edch investorov. Vyu\u017e\u00edvanie kancel\u00e1rskych a obchodn\u00fdch kontajnerov v regi\u00f3ne \u015awi\u0119tokrzyskie Kancel\u00e1rske a obchodn\u00e9 kontajnery sa pou\u017e\u00edvaj\u00fa v \u0161irokej \u0161k\u00e1le [&hellip;]<\/p>\n","protected":false},"author":1,"featured_media":0,"parent":0,"menu_order":0,"comment_status":"closed","ping_status":"closed","template":"","meta":{"footnotes":""},"class_list":["post-1333","page","type-page","status-publish","hentry"],"_links":{"self":[{"href":"https:\/\/www.szymbud-pawilony.pl\/sk\/wp-json\/wp\/v2\/pages\/1333","targetHints":{"allow":["GET"]}}],"collection":[{"href":"https:\/\/www.szymbud-pawilony.pl\/sk\/wp-json\/wp\/v2\/pages"}],"about":[{"href":"https:\/\/www.szymbud-pawilony.pl\/sk\/wp-json\/wp\/v2\/types\/page"}],"author":[{"embeddable":true,"href":"https:\/\/www.szymbud-pawilony.pl\/sk\/wp-json\/wp\/v2\/users\/1"}],"replies":[{"embeddable":true,"href":"https:\/\/www.szymbud-pawilony.pl\/sk\/wp-json\/wp\/v2\/comments?post=1333"}],"version-history":[{"count":0,"href":"https:\/\/www.szymbud-pawilony.pl\/sk\/wp-json\/wp\/v2\/pages\/1333\/revisions"}],"wp:attachment":[{"href":"https:\/\/www.szymbud-pawilony.pl\/sk\/wp-json\/wp\/v2\/media?parent=1333"}],"curies":[{"name":"wp","href":"https:\/\/api.w.org\/{rel}","templated":true}]}}

Kancelárske a obchodné kontajnery Świętokrzyskie

<div class="wp-block-group main-wrapper px-5 !mx-auto text-container is-layout-flow wp-block-group-is-layout-flow">
<p><strong><a href="https://www.szymbud-pawilony.pl/kontenery-biurowe.html">Kancelárske kontajnery</a> a <a href="https://www.szymbud-pawilony.pl/kontenery-handlowe.html">obchodné kontajnery</a> vo Svätokrížskom vojvodstve</strong> sú funkčným a moderným riešením pre firmy, ktoré potrebujú flexibilný úžitkový priestor. Vďaka modulárnej konštrukcii a vysokej kvalite spracovania sú tieto kontajnery ideálnou voľbou pre malé podniky aj väčších investorov.</p>



<h2 class="wp-block-heading">Využívanie kancelárskych a obchodných kontajnerov v regióne Świętokrzyskie</h2>



<p>Kancelárske a obchodné kontajnery sa používajú v širokej škále aplikácií vrátane:</p>



<ul class="wp-block-list">
<li><strong>Dočasné alebo trvalé kancelárske budovy</strong> &#8211; ideálne pre spoločnosti, ktoré práve stavajú alebo rekonštruujú svoje kňazstvá.</li>



<li><strong>Komerčné pavilóny</strong> &#8211; ideálne ako obchody, predajne služieb alebo stánky.</li>



<li><strong>Sociálne miestnosti</strong> &#8211; pre stavebných robotníkov alebo iné dočasné zariadenia.</li>



<li><strong>Výstavné priestory</strong> &#8211; na veľtrhoch, výstavách alebo miestnych podujatiach.</li>
</ul>



<h2 class="wp-block-heading">Výhody obchodných a kancelárskych kontajnerov, ktoré inštalujeme v regióne Świętokrzyskie</h2>



<p>Kancelárske a obchodné kontajnery inštalované vo Svätokrížskom vojvodstve predstavujú moderné a univerzálne riešenie, ktoré sa vyznačuje viacerými kľúčovými výhodami:</p>



<ol class="wp-block-list">
<li><strong>Rýchla montáž a demontáž</strong> &#8211; kontajnery sa dajú postaviť v krátkom čase, čo z nich robí skvelé riešenie pre situácie, ktoré si vyžadujú rýchle prispôsobenie priestoru.</li>



<li>Možnosť <strong>prispôsobenia</strong> &#8211; k dispozícii sú rôzne rozmery, usporiadanie miestnosti a možnosti povrchovej úpravy.</li>



<li><strong>Mobilita</strong> &#8211; kontajnery možno ľahko premiestniť na iné miesto, čo umožňuje flexibilnú správu priestoru.</li>



<li><strong>Odolnosť</strong> &#8211; robustná konštrukcia zaručuje odolnosť voči poveternostným vplyvom a intenzívnemu používaniu.</li>



<li><strong>Hospodárnosť</strong> &#8211; nižšie náklady v porovnaní s tradičnou výstavbou.</li>
</ol>



<h2 class="wp-block-heading">Prečo si vybrať kancelárske a obchodné kontajnery v meste Świętokrzyskie?</h2>



<p>Svätokrížske vojvodstvo je región s rozvíjajúcou sa infraštruktúrou a veľkým podnikateľským potenciálom. Kancelárske a obchodné kontajnery sú ideálnym riešením pre miestnych podnikateľov, ktorí hľadajú flexibilné a praktické priestory. Možno ich využiť tak v mestách, ako sú Kielce, ako aj v menších obciach alebo investičných zónach.</p>



<p>Vďaka kombinácii funkčnosti, estetiky a moderných riešení sú kancelárske a obchodné kontajnery investíciou, ktorá splní očakávania aj tých najnáročnejších zákazníkov.</p>
</div>

<p>Kancelárske kontajnery a obchodné kontajnery vo Svätokrížskom vojvodstve sú funkčným a moderným riešením pre firmy, ktoré potrebujú flexibilný úžitkový priestor. Vďaka modulárnej konštrukcii a vysokej kvalite spracovania sú tieto kontajnery ideálnou voľbou pre malé podniky aj väčších investorov. Využívanie kancelárskych a obchodných kontajnerov v regióne Świętokrzyskie Kancelárske a obchodné kontajnery sa používajú v širokej škále [&hellip;]</p>
